{"id":23,"date":"2023-12-06T14:50:47","date_gmt":"2023-12-06T13:50:47","guid":{"rendered":"https:\/\/www.hundefeuerwehr.de\/bus\/?page_id=23"},"modified":"2026-01-12T11:08:11","modified_gmt":"2026-01-12T10:08:11","slug":"verhalten-im-reisebus","status":"publish","type":"page","link":"https:\/\/www.omnibuschauffeur.de\/?page_id=23","title":{"rendered":"Information zur Fahrt im Reisebus"},"content":{"rendered":"\n<figure class=\"wp-block-image size-large\"><img loading=\"lazy\" decoding=\"async\" width=\"1024\" height=\"367\" src=\"http:\/\/www.omnibuschauffeur.de\/wp-content\/uploads\/2026\/01\/Willkommen-an-BOHRd-3-1024x367.png\" alt=\"\" class=\"wp-image-740\" srcset=\"https:\/\/www.omnibuschauffeur.de\/wp-content\/uploads\/2026\/01\/Willkommen-an-BOHRd-3-1024x367.png 1024w, https:\/\/www.omnibuschauffeur.de\/wp-content\/uploads\/2026\/01\/Willkommen-an-BOHRd-3-300x108.png 300w, https:\/\/www.omnibuschauffeur.de\/wp-content\/uploads\/2026\/01\/Willkommen-an-BOHRd-3-768x275.png 768w, https:\/\/www.omnibuschauffeur.de\/wp-content\/uploads\/2026\/01\/Willkommen-an-BOHRd-3-1536x551.png 1536w, https:\/\/www.omnibuschauffeur.de\/wp-content\/uploads\/2026\/01\/Willkommen-an-BOHRd-3-624x224.png 624w, https:\/\/www.omnibuschauffeur.de\/wp-content\/uploads\/2026\/01\/Willkommen-an-BOHRd-3.png 1696w\" sizes=\"auto, (max-width: 1024px) 100vw, 1024px\" \/><\/figure>\n\n\n\n<p>Liebe Fahrg\u00e4ste,<br><br>wir werden nun einige Zeit gemeinsam in diesem Bus verbringen und sch\u00f6ne Ziele ansteuern. Darauf freue ich mich genauso wie Sie und w\u00fcnsche uns eine wunderbare Reise.<br><br><strong>Nachfolgend noch ein paar Hinweise f\u00fcr eine sichere und angenehme Fahrt.<\/strong><\/p>\n\n\n\n<div class=\"wp-block-media-text is-vertically-aligned-top\" style=\"grid-template-columns:20% auto\"><figure class=\"wp-block-media-text__media\"><img loading=\"lazy\" decoding=\"async\" width=\"500\" height=\"500\" src=\"http:\/\/www.hundefeuerwehr.de\/bus\/wp-content\/uploads\/2023\/12\/anschnallen.jpg\" alt=\"\" class=\"wp-image-24 size-full\" srcset=\"https:\/\/www.omnibuschauffeur.de\/wp-content\/uploads\/2023\/12\/anschnallen.jpg 500w, https:\/\/www.omnibuschauffeur.de\/wp-content\/uploads\/2023\/12\/anschnallen-300x300.jpg 300w, https:\/\/www.omnibuschauffeur.de\/wp-content\/uploads\/2023\/12\/anschnallen-150x150.jpg 150w\" sizes=\"auto, (max-width: 500px) 100vw, 500px\" \/><\/figure><div class=\"wp-block-media-text__content\">\n<p>In diesem Reisebus sind Sicherheitsgute an jedem Sitz vorhanden. Niemand m\u00f6chte in einer Gefahrensituation, wie beispielsweise einer Notbremsung oder einem Unfall, gesch\u00e4digt werden. Daher ist es gesetzliche Vorschrift, sich w\u00e4hrend der Fahrt anzuschnallen. Als Fahrer muss ich auf diese <strong>Anschnallpflicht<\/strong> hinweisen. <\/p>\n<\/div><\/div>\n\n\n\n<hr class=\"wp-block-separator has-alpha-channel-opacity is-style-wide\"\/>\n\n\n\n<div class=\"wp-block-media-text is-vertically-aligned-top\" style=\"grid-template-columns:21% auto\"><figure class=\"wp-block-media-text__media\"><img loading=\"lazy\" decoding=\"async\" width=\"340\" height=\"340\" src=\"http:\/\/www.hundefeuerwehr.de\/bus\/wp-content\/uploads\/2023\/12\/rauchen.jpg\" alt=\"\" class=\"wp-image-28 size-full\" srcset=\"https:\/\/www.omnibuschauffeur.de\/wp-content\/uploads\/2023\/12\/rauchen.jpg 340w, https:\/\/www.omnibuschauffeur.de\/wp-content\/uploads\/2023\/12\/rauchen-300x300.jpg 300w, https:\/\/www.omnibuschauffeur.de\/wp-content\/uploads\/2023\/12\/rauchen-150x150.jpg 150w\" sizes=\"auto, (max-width: 340px) 100vw, 340px\" \/><\/figure><div class=\"wp-block-media-text__content\">\n<p>Das <strong>Rauchen an Bord<\/strong> ist weder im Fahrgastraum noch in der Toilette gestattet. Wir machen aber w\u00e4hrend der Fahrt in ausreichenden Abst\u00e4nden an Rastst\u00e4tten eine Toilettenpause, die auch f\u00fcr den Genuss einer Zigarette genutzt werden kann.<\/p>\n<\/div><\/div>\n\n\n\n<hr class=\"wp-block-separator has-alpha-channel-opacity is-style-wide\"\/>\n\n\n\n<div class=\"wp-block-media-text is-vertically-aligned-top\" style=\"grid-template-columns:21% auto\"><figure class=\"wp-block-media-text__media\"><img loading=\"lazy\" decoding=\"async\" width=\"1024\" height=\"1024\" src=\"http:\/\/www.hundefeuerwehr.de\/bus\/wp-content\/uploads\/2023\/12\/wc-1024x1024.jpg\" alt=\"\" class=\"wp-image-29 size-full\" srcset=\"https:\/\/www.omnibuschauffeur.de\/wp-content\/uploads\/2023\/12\/wc-1024x1024.jpg 1024w, https:\/\/www.omnibuschauffeur.de\/wp-content\/uploads\/2023\/12\/wc-300x300.jpg 300w, https:\/\/www.omnibuschauffeur.de\/wp-content\/uploads\/2023\/12\/wc-150x150.jpg 150w, https:\/\/www.omnibuschauffeur.de\/wp-content\/uploads\/2023\/12\/wc-768x768.jpg 768w, https:\/\/www.omnibuschauffeur.de\/wp-content\/uploads\/2023\/12\/wc-1536x1536.jpg 1536w, https:\/\/www.omnibuschauffeur.de\/wp-content\/uploads\/2023\/12\/wc-624x624.jpg 624w, https:\/\/www.omnibuschauffeur.de\/wp-content\/uploads\/2023\/12\/wc.jpg 1600w\" sizes=\"auto, (max-width: 1024px) 100vw, 1024px\" \/><\/figure><div class=\"wp-block-media-text__content\">\n<p>Die Kapazit\u00e4t des Toilettenbeh\u00e4lters und Sp\u00fclwassers ist leider beschr\u00e4nkt und kann auch nicht immer w\u00e4hrend einer Reise aktualisiert werden. Daher machen wir w\u00e4hrend der Fahrt in ausreichenden Abst\u00e4nden an Rastst\u00e4tten eine Raucherpause, die auch f\u00fcr einen externen Toilettenbesuch genutzt werden kann.<\/p>\n\n\n\n<p>Die <strong>Toilette an Bord<\/strong> kann bei Bedarf benutzt werden. Bitte betrachten Sie die Toilette als <strong>Notfall<\/strong>-Option, wenn keine andere M\u00f6glichkeit besteht. <\/p>\n<\/div><\/div>\n\n\n\n<hr class=\"wp-block-separator has-alpha-channel-opacity is-style-wide\"\/>\n\n\n\n<div class=\"wp-block-media-text is-vertically-aligned-top\" style=\"grid-template-columns:21% auto\"><figure class=\"wp-block-media-text__media\"><img loading=\"lazy\" decoding=\"async\" width=\"1018\" height=\"1024\" src=\"http:\/\/www.hundefeuerwehr.de\/bus\/wp-content\/uploads\/2023\/12\/wifi-1018x1024.jpg\" alt=\"\" class=\"wp-image-30 size-full\" srcset=\"https:\/\/www.omnibuschauffeur.de\/wp-content\/uploads\/2023\/12\/wifi-1018x1024.jpg 1018w, https:\/\/www.omnibuschauffeur.de\/wp-content\/uploads\/2023\/12\/wifi-298x300.jpg 298w, https:\/\/www.omnibuschauffeur.de\/wp-content\/uploads\/2023\/12\/wifi-150x150.jpg 150w, https:\/\/www.omnibuschauffeur.de\/wp-content\/uploads\/2023\/12\/wifi-768x772.jpg 768w, https:\/\/www.omnibuschauffeur.de\/wp-content\/uploads\/2023\/12\/wifi-624x628.jpg 624w, https:\/\/www.omnibuschauffeur.de\/wp-content\/uploads\/2023\/12\/wifi.jpg 1052w\" sizes=\"auto, (max-width: 1018px) 100vw, 1018px\" \/><\/figure><div class=\"wp-block-media-text__content\">\n<p>Jedem Reiseteilnehmer steht in diesem Reisebus ein <strong>kostenloses WLAN<\/strong> zur Verf\u00fcgung. Nach der Suche verf\u00fcgbarer Netzwerke findet man auch Eintr\u00e4ge die den Namen \u201eBOHR\u201c beinhalten. Die Verbindung kann mit dem Passwort \u201e<strong>bohromnibus<\/strong>\u201c hergestellt werden. Anschlie\u00dfend noch die Nutzungsbedingungen best\u00e4tigen und schon kann es losgehen.<\/p>\n<\/div><\/div>\n\n\n\n<hr class=\"wp-block-separator has-alpha-channel-opacity is-style-wide\"\/>\n\n\n\n<div class=\"wp-block-media-text is-vertically-aligned-top\" style=\"grid-template-columns:20% auto\"><figure class=\"wp-block-media-text__media\"><img loading=\"lazy\" decoding=\"async\" width=\"512\" height=\"512\" src=\"http:\/\/www.hundefeuerwehr.de\/bus\/wp-content\/uploads\/2023\/12\/getreaenke.png\" alt=\"\" class=\"wp-image-25 size-full\" srcset=\"https:\/\/www.omnibuschauffeur.de\/wp-content\/uploads\/2023\/12\/getreaenke.png 512w, https:\/\/www.omnibuschauffeur.de\/wp-content\/uploads\/2023\/12\/getreaenke-300x300.png 300w, https:\/\/www.omnibuschauffeur.de\/wp-content\/uploads\/2023\/12\/getreaenke-150x150.png 150w\" sizes=\"auto, (max-width: 512px) 100vw, 512px\" \/><\/figure><div class=\"wp-block-media-text__content\">\n<p>Nat\u00fcrlich habe ich bei Reisen Getr\u00e4nke an Bord (Wasser, Cola, Apfelschorle, Bier usw.). Die aktuelle Preisliste befindet sich an der Windschutzscheibe rechts, direkt an der Einstiegst\u00fcre. Je nach Typ der Reise erfolgt der <strong>Verkauf<\/strong> der Getr\u00e4nke \u00fcber <a href=\"https:\/\/www.omnibuschauffeur.de\/?page_id=23#Wertkarte\" data-type=\"page\" data-id=\"23\">Guthabenkarte<\/a>, Namens\u2013 oder Gruppenlisten.<\/p>\n<\/div><\/div>\n\n\n\n<hr class=\"wp-block-separator has-alpha-channel-opacity is-style-wide\"\/>\n\n\n\n<div class=\"wp-block-media-text is-vertically-aligned-top\" style=\"grid-template-columns:20% auto\"><figure class=\"wp-block-media-text__media\"><img loading=\"lazy\" decoding=\"async\" width=\"612\" height=\"612\" src=\"http:\/\/www.omnibuschauffeur.de\/wp-content\/uploads\/2023\/12\/dvd.jpg\" alt=\"\" class=\"wp-image-234 size-full\" srcset=\"https:\/\/www.omnibuschauffeur.de\/wp-content\/uploads\/2023\/12\/dvd.jpg 612w, https:\/\/www.omnibuschauffeur.de\/wp-content\/uploads\/2023\/12\/dvd-300x300.jpg 300w, https:\/\/www.omnibuschauffeur.de\/wp-content\/uploads\/2023\/12\/dvd-150x150.jpg 150w\" sizes=\"auto, (max-width: 612px) 100vw, 612px\" \/><\/figure><div class=\"wp-block-media-text__content\">\n<p>Mit der Multimedia-Anlage im Bus k\u00f6nnen Videos, Musik oder Radio abgespielt werden. \u00dcber diverse Schnittstellen sind MP3, MP4 und Medien \u00fcber HDMI verwendet werden. DVD, CD oder Bluetooth sind leider nicht m\u00f6glich. Details zu Ihren W\u00fcnschen k\u00f6nnen gerne mit mir abgesprochen werden.<\/p>\n<\/div><\/div>\n\n\n\n<hr class=\"wp-block-separator has-alpha-channel-opacity is-style-wide\"\/>\n\n\n\n<div class=\"wp-block-media-text is-vertically-aligned-top\" style=\"grid-template-columns:21% auto\"><figure class=\"wp-block-media-text__media\"><img loading=\"lazy\" decoding=\"async\" width=\"1024\" height=\"1024\" src=\"http:\/\/www.hundefeuerwehr.de\/bus\/wp-content\/uploads\/2023\/12\/notausstieg-1024x1024.jpg\" alt=\"\" class=\"wp-image-27 size-full\" srcset=\"https:\/\/www.omnibuschauffeur.de\/wp-content\/uploads\/2023\/12\/notausstieg-1024x1024.jpg 1024w, https:\/\/www.omnibuschauffeur.de\/wp-content\/uploads\/2023\/12\/notausstieg-300x300.jpg 300w, https:\/\/www.omnibuschauffeur.de\/wp-content\/uploads\/2023\/12\/notausstieg-150x150.jpg 150w, https:\/\/www.omnibuschauffeur.de\/wp-content\/uploads\/2023\/12\/notausstieg-768x768.jpg 768w, https:\/\/www.omnibuschauffeur.de\/wp-content\/uploads\/2023\/12\/notausstieg-1536x1536.jpg 1536w, https:\/\/www.omnibuschauffeur.de\/wp-content\/uploads\/2023\/12\/notausstieg-2048x2048.jpg 2048w, https:\/\/www.omnibuschauffeur.de\/wp-content\/uploads\/2023\/12\/notausstieg-624x624.jpg 624w\" sizes=\"auto, (max-width: 1024px) 100vw, 1024px\" \/><\/figure><div class=\"wp-block-media-text__content\">\n<p>Bisher nie ben\u00f6tigt, trotzdem m\u00f6chte ich auf den Notfall hinweisen. <br>In einem <strong>Notfall<\/strong>, wenn der Bus schnellstm\u00f6glich geleert werden muss, benutzen Sie bitte beide T\u00fcren. <br><strong>Wichtig:<\/strong> verlassen Sie den Bus immer aus der T\u00fcre, die Sie im <strong>Vorw\u00e4rtslaufen <\/strong>erreichen k\u00f6nnen. Niemand soll \u201eGegenverkehr\u201c erzeugen durch eine falsche Laufrichtung.<br>Sollte das Verlassen des Busses durch die T\u00fcren nicht mehr m\u00f6glich sein, nutzen Sie die gekennzeichneten <strong>Notausstiegsfenster<\/strong>. Diese sind an dem Aufkleber \u201eNotausstieg\u201c auf der Scheibe erkennbar. Zum Zerschlagen der Scheibe nutzen Sie einen der im Fahrzeug befindlichen <strong>Nothammer<\/strong>.<\/p>\n<\/div><\/div>\n\n\n\n<hr class=\"wp-block-separator has-alpha-channel-opacity is-style-wide\"\/>\n\n\n\n<div class=\"wp-block-media-text is-vertically-aligned-top\" style=\"grid-template-columns:20% auto\"><figure class=\"wp-block-media-text__media\"><img loading=\"lazy\" decoding=\"async\" width=\"1024\" height=\"670\" src=\"http:\/\/www.omnibuschauffeur.de\/wp-content\/uploads\/2023\/12\/VK-Rueckseite-1024x670.jpg\" alt=\"\" class=\"wp-image-257 size-full\" srcset=\"https:\/\/www.omnibuschauffeur.de\/wp-content\/uploads\/2023\/12\/VK-Rueckseite-1024x670.jpg 1024w, https:\/\/www.omnibuschauffeur.de\/wp-content\/uploads\/2023\/12\/VK-Rueckseite-300x196.jpg 300w, https:\/\/www.omnibuschauffeur.de\/wp-content\/uploads\/2023\/12\/VK-Rueckseite-768x503.jpg 768w, https:\/\/www.omnibuschauffeur.de\/wp-content\/uploads\/2023\/12\/VK-Rueckseite-624x409.jpg 624w, https:\/\/www.omnibuschauffeur.de\/wp-content\/uploads\/2023\/12\/VK-Rueckseite.jpg 1028w\" sizes=\"auto, (max-width: 1024px) 100vw, 1024px\" \/><\/figure><div class=\"wp-block-media-text__content\">\n<p id=\"Wertkarte\">Bei der Getr\u00e4nkeabrechnung \u00fcber <strong>Guthabenkarte<\/strong> kauft der Mitreisende bei mir f\u00fcr <strong>10,00 Euro<\/strong> eine Karte. Bei Kauf eines Getr\u00e4nkes wird der Betrag des Kaufpreises auf der Karte abgestrichen. Ein eventuelles Guthaben wird am Ende der Reise ausbezahlt.<br>Auf der R\u00fcckseite der Guthabenkarte sind meine Kontaktdaten angegeben. Falls Sie nicht rechtzeitig den Weg zur\u00fcck zum Bus finden oder sonstige Gr\u00fcnde vorhanden sind, rufen Sie mich bitte an.<\/p>\n<\/div><\/div>\n\n\n\n<hr class=\"wp-block-separator has-alpha-channel-opacity is-style-wide\"\/>\n\n\n\n<div class=\"wp-block-media-text is-vertically-aligned-top\" style=\"grid-template-columns:20% auto\"><figure class=\"wp-block-media-text__media\"><a href=\"tel:+4917613501944\"><img loading=\"lazy\" decoding=\"async\" width=\"277\" height=\"182\" src=\"http:\/\/www.omnibuschauffeur.de\/wp-content\/uploads\/2023\/12\/telefon.png\" alt=\"\" class=\"wp-image-276 size-full\"\/><\/a><\/figure><div class=\"wp-block-media-text__content\">\n<p>An der vorderen Einstiegst\u00fcre ist innen an der Scheibe ein Schild mit meinem Namen und meiner <strong>Telefonnummer<\/strong> aufgeh\u00e4ngt. Bitte notieren oder speichern Sie diese Rufnummer. Falls Sie nicht rechtzeitig den Weg zur\u00fcck zum Bus finden oder sonstige Gr\u00fcnde vorhanden sind, rufen Sie mich bitte an.<\/p>\n\n\n\n<p>Mit Ihrem Smartphone k\u00f6nnen sie mich durch Antippen des Telefonsymboles direkt kontaktieren.<\/p>\n<\/div><\/div>\n\n\n\n<hr class=\"wp-block-separator has-alpha-channel-opacity is-style-wide\"\/>\n\n\n\n<div class=\"wp-block-media-text is-vertically-aligned-top\" style=\"grid-template-columns:20% auto\"><figure class=\"wp-block-media-text__media\"><img loading=\"lazy\" decoding=\"async\" width=\"210\" height=\"205\" src=\"http:\/\/www.omnibuschauffeur.de\/wp-content\/uploads\/2023\/12\/telefonie-weltweit.png\" alt=\"\" class=\"wp-image-289 size-full\"\/><\/figure><div class=\"wp-block-media-text__content\">\n<p>Bitte denken Sie bei Reisen ins Ausland, dass bei Ihrem Smartphone das <strong>Roaming <\/strong>aktiviert ist (gilt f\u00fcr Telefonie und Daten). Weiterhin m\u00fcssen die Rufnummern, die Sie in Deutschland erreichen wollen, im <strong>internationalen Format <\/strong>gespeichert sein.<br>In Deutschland: 0170 12345678, vom Ausland nach Deutschland: <strong>+49<\/strong> 170 12345678 bzw. <strong>0049<\/strong> 170 12345678<\/p>\n\n\n\n<p>In den meisten Vertr\u00e4gen ist das Roaming im Bereich der EU enthalten. Das gilt aber <strong>nicht<\/strong> au\u00dferhalb der EU, also beispielsweise auch in der Schweiz. Informieren Sie sich daber bitte bei Ihrem Mobilfunkanbieter.<\/p>\n<\/div><\/div>\n\n\n\n<hr class=\"wp-block-separator has-alpha-channel-opacity is-style-wide\"\/>\n\n\n\n<div class=\"wp-block-media-text is-vertically-aligned-top\" style=\"grid-template-columns:20% auto\"><figure class=\"wp-block-media-text__media\"><img loading=\"lazy\" decoding=\"async\" width=\"512\" height=\"512\" src=\"http:\/\/www.omnibuschauffeur.de\/wp-content\/uploads\/2023\/12\/whatsapp.jpg\" alt=\"\" class=\"wp-image-277 size-full\" srcset=\"https:\/\/www.omnibuschauffeur.de\/wp-content\/uploads\/2023\/12\/whatsapp.jpg 512w, https:\/\/www.omnibuschauffeur.de\/wp-content\/uploads\/2023\/12\/whatsapp-300x300.jpg 300w, https:\/\/www.omnibuschauffeur.de\/wp-content\/uploads\/2023\/12\/whatsapp-150x150.jpg 150w\" sizes=\"auto, (max-width: 512px) 100vw, 512px\" \/><\/figure><div class=\"wp-block-media-text__content\">\n<p>Neben einem Anruf oder einer SMS bin ich unter der genannten Rufnummer auch per <strong>WhatsApp<\/strong> erreichbar. Manchmal erstelle ich eine WhatsApp-Gruppe und nehme die Reiseteilnehmer darin auf, mal werde ich in eine solche bereits bestehende Gruppe integriert. Auch \u00fcber dieses Medium k\u00f6nnen Sie mir Versp\u00e4tungen oder andere Ereignisse mitteilen. <\/p>\n<\/div><\/div>\n\n\n\n<hr class=\"wp-block-separator has-alpha-channel-opacity is-style-wide\"\/>\n\n\n\n<div class=\"wp-block-media-text is-vertically-aligned-top\" style=\"grid-template-columns:20% auto\"><figure class=\"wp-block-media-text__media\"><img loading=\"lazy\" decoding=\"async\" width=\"1024\" height=\"1024\" src=\"http:\/\/www.omnibuschauffeur.de\/wp-content\/uploads\/2023\/12\/nicht-mit-dem-fahrer-sprechen-1024x1024.jpg\" alt=\"\" class=\"wp-image-231 size-full\" srcset=\"https:\/\/www.omnibuschauffeur.de\/wp-content\/uploads\/2023\/12\/nicht-mit-dem-fahrer-sprechen-1024x1024.jpg 1024w, https:\/\/www.omnibuschauffeur.de\/wp-content\/uploads\/2023\/12\/nicht-mit-dem-fahrer-sprechen-300x300.jpg 300w, https:\/\/www.omnibuschauffeur.de\/wp-content\/uploads\/2023\/12\/nicht-mit-dem-fahrer-sprechen-150x150.jpg 150w, https:\/\/www.omnibuschauffeur.de\/wp-content\/uploads\/2023\/12\/nicht-mit-dem-fahrer-sprechen-768x768.jpg 768w, https:\/\/www.omnibuschauffeur.de\/wp-content\/uploads\/2023\/12\/nicht-mit-dem-fahrer-sprechen-1536x1536.jpg 1536w, https:\/\/www.omnibuschauffeur.de\/wp-content\/uploads\/2023\/12\/nicht-mit-dem-fahrer-sprechen-2048x2048.jpg 2048w, https:\/\/www.omnibuschauffeur.de\/wp-content\/uploads\/2023\/12\/nicht-mit-dem-fahrer-sprechen-624x624.jpg 624w\" sizes=\"auto, (max-width: 1024px) 100vw, 1024px\" \/><\/figure><div class=\"wp-block-media-text__content\">\n<p>Dieses Schild sieht man h\u00e4ufig in Linienbussen, dort ist es auch sinnvoll. Im Reisebus darf nat\u00fcrlich gerne mit mir gesprochen werden w\u00e4hrend der Fahrt, aber erst recht in den Pausen oder bei Unternehmungen, an denen ich zusammen mit der Reisegruppe teilnehmen kann.<\/p>\n<\/div><\/div>\n\n\n\n<hr class=\"wp-block-separator has-alpha-channel-opacity is-style-wide\"\/>\n\n\n\n<div class=\"wp-block-media-text is-vertically-aligned-top\" style=\"grid-template-columns:20% auto\"><figure class=\"wp-block-media-text__media\"><img loading=\"lazy\" decoding=\"async\" width=\"1024\" height=\"576\" src=\"http:\/\/www.omnibuschauffeur.de\/wp-content\/uploads\/2023\/12\/nicht-pupsen-1024x576.jpg\" alt=\"\" class=\"wp-image-246 size-full\" srcset=\"https:\/\/www.omnibuschauffeur.de\/wp-content\/uploads\/2023\/12\/nicht-pupsen-1024x576.jpg 1024w, https:\/\/www.omnibuschauffeur.de\/wp-content\/uploads\/2023\/12\/nicht-pupsen-300x169.jpg 300w, https:\/\/www.omnibuschauffeur.de\/wp-content\/uploads\/2023\/12\/nicht-pupsen-768x432.jpg 768w, https:\/\/www.omnibuschauffeur.de\/wp-content\/uploads\/2023\/12\/nicht-pupsen-624x351.jpg 624w, https:\/\/www.omnibuschauffeur.de\/wp-content\/uploads\/2023\/12\/nicht-pupsen.jpg 1200w\" sizes=\"auto, (max-width: 1024px) 100vw, 1024px\" \/><\/figure><div class=\"wp-block-media-text__content\">\n<p>Allen Mitreisenden zuliebe w\u00e4re es toll, dieses Schild zu beherzigen und keine Geruchsbel\u00e4stigungen zu verursachen. Gilt \u00fcbriges auch f\u00fcr stark riechende Lebensmittel. Der Luftaustausch und die Klimaanlage im Reisebus sind zwar sehr leistungsf\u00e4hig, aber beseitigen Ger\u00fcche leider nicht in nur wenigen Sekunden.<\/p>\n<\/div><\/div>\n","protected":false},"excerpt":{"rendered":"<p>Liebe Fahrg\u00e4ste, wir werden nun einige Zeit gemeinsam in diesem Bus verbringen und sch\u00f6ne Ziele ansteuern. Darauf freue ich mich genauso wie Sie und w\u00fcnsche uns eine wunderbare Reise. Nachfolgend noch ein paar Hinweise f\u00fcr eine sichere und angenehme Fahrt. In diesem Reisebus sind Sicherheitsgute an jedem Sitz vorhanden. Niemand m\u00f6chte in einer Gefahrensituation, wie [&hellip;]<\/p>\n","protected":false},"author":1,"featured_media":0,"parent":0,"menu_order":0,"comment_status":"closed","ping_status":"closed","template":"","meta":{"footnotes":""},"class_list":["post-23","page","type-page","status-publish","hentry"],"_links":{"self":[{"href":"https:\/\/www.omnibuschauffeur.de\/index.php?rest_route=\/wp\/v2\/pages\/23","targetHints":{"allow":["GET"]}}],"collection":[{"href":"https:\/\/www.omnibuschauffeur.de\/index.php?rest_route=\/wp\/v2\/pages"}],"about":[{"href":"https:\/\/www.omnibuschauffeur.de\/index.php?rest_route=\/wp\/v2\/types\/page"}],"author":[{"embeddable":true,"href":"https:\/\/www.omnibuschauffeur.de\/index.php?rest_route=\/wp\/v2\/users\/1"}],"replies":[{"embeddable":true,"href":"https:\/\/www.omnibuschauffeur.de\/index.php?rest_route=%2Fwp%2Fv2%2Fcomments&post=23"}],"version-history":[{"count":68,"href":"https:\/\/www.omnibuschauffeur.de\/index.php?rest_route=\/wp\/v2\/pages\/23\/revisions"}],"predecessor-version":[{"id":741,"href":"https:\/\/www.omnibuschauffeur.de\/index.php?rest_route=\/wp\/v2\/pages\/23\/revisions\/741"}],"wp:attachment":[{"href":"https:\/\/www.omnibuschauffeur.de\/index.php?rest_route=%2Fwp%2Fv2%2Fmedia&parent=23"}],"curies":[{"name":"wp","href":"https:\/\/api.w.org\/{rel}","templated":true}]}}